{"id":6,"date":"2016-06-02T13:34:44","date_gmt":"2016-06-02T16:34:44","guid":{"rendered":"http:\/\/wolney.com.br\/wp\/7\/?page_id=6"},"modified":"2018-12-17T22:38:53","modified_gmt":"2018-12-18T00:38:53","slug":"home","status":"publish","type":"page","link":"https:\/\/emmig.com.br\/portal\/","title":{"rendered":"Home"},"content":{"rendered":"<div id=\"pl-6\"  class=\"panel-layout\" ><div id=\"pg-6-0\"  class=\"panel-grid panel-no-style\" ><div id=\"pgc-6-0-0\"  class=\"panel-grid-cell panel-grid-cell-empty\" ><\/div><\/div><div id=\"pg-6-1\"  class=\"panel-grid panel-no-style\" ><div id=\"pgc-6-1-0\"  class=\"panel-grid-cell\" ><div id=\"panel-6-1-0-0\" class=\"so-panel widget widget_sow-image panel-first-child panel-last-child\" data-index=\"0\" ><div class=\"panel-widget-style panel-widget-style-for-6-1-0-0\" ><div class=\"so-widget-sow-image so-widget-sow-image-default-bd5cd9da0588\">\r\n\r\n<div class=\"sow-image-container\">\r\n\t<img src=\"https:\/\/emmig.com.br\/portal\/wp-content\/uploads\/2016\/06\/logo-cabecalho.png\" width=\"309\" height=\"108\" srcset=\"https:\/\/emmig.com.br\/portal\/wp-content\/uploads\/2016\/06\/logo-cabecalho.png 309w, https:\/\/emmig.com.br\/portal\/wp-content\/uploads\/2016\/06\/logo-cabecalho-300x105.png 300w\" sizes=\"(max-width: 309px) 100vw, 309px\" title=\"logo cabecalho\" alt=\"\" \t\tclass=\"so-widget-image\"\/>\r\n<\/div>\r\n\r\n<\/div><\/div><\/div><\/div><div id=\"pgc-6-1-1\"  class=\"panel-grid-cell\" ><div id=\"panel-6-1-1-0\" class=\"so-panel widget widget_sow-editor panel-first-child panel-last-child\" data-index=\"1\" ><div class=\"so-widget-sow-editor so-widget-sow-editor-base\">\n<div class=\"siteorigin-widget-tinymce textwidget\">\n\t<p>A EMMIG foi fundada em 1967 na cidade de Uberl\u00e2ndia MG. S\u00e3o quase 50 anos de experi\u00eancia em Constru\u00e7\u00e3o de Estruturas Met\u00e1licas, a servi\u00e7o da Ind\u00fastria e Com\u00e9rcio de grande e m\u00e9dio porte.<\/p>\n<p>Ao longo desse per\u00edodo, vem desenvolvendo e racionalizando processos e consolidando sua Qualidade, Solidez e Credibilidade.<\/p>\n<p><a class=\"button\" href=\"https:\/\/emmig.com.br\/portal\/emmig\/\">Continue...<\/a><\/p>\n<\/div>\n<\/div><\/div><\/div><\/div><div id=\"pg-6-2\"  class=\"panel-grid panel-no-style\" ><div id=\"pgc-6-2-0\"  class=\"panel-grid-cell panel-grid-cell-empty\" ><\/div><\/div><div id=\"pg-6-3\"  class=\"panel-grid panel-has-style\" ><div class=\"lsow-dark-bg siteorigin-panels-stretch panel-row-style panel-row-style-for-6-3\" data-siteorigin-parallax=\"{&quot;backgroundUrl&quot;:&quot;https:\\\/\\\/emmig.com.br\\\/portal\\\/wp-content\\\/uploads\\\/2016\\\/06\\\/paralax-2.jpg&quot;,&quot;backgroundSize&quot;:[1598,623],&quot;backgroundSizing&quot;:&quot;scaled&quot;,&quot;limitMotion&quot;:&quot;auto&quot;}\" data-stretch-type=\"full\" ><div id=\"pgc-6-3-0\"  class=\"panel-grid-cell\" ><div id=\"panel-6-3-0-0\" class=\"so-panel widget widget_sow-editor panel-first-child panel-last-child\" data-index=\"2\" ><div class=\"panel-widget-style panel-widget-style-for-6-3-0-0\" ><div class=\"so-widget-sow-editor so-widget-sow-editor-base\">\n<div class=\"siteorigin-widget-tinymce textwidget\">\n\t<h2 style=\"text-align: center;\">\u00a0<\/h2>\n<h2 style=\"text-align: center;\"><span style=\"color: #dddddd;\">S\u00e3o mais de <div class=\"cl-counter\" data-duration=\"3000\"><div class=\"cl-counter-value\" style=\"color:#dddddd;font-size:50px;\"><span class=\"cl-counter-value-part type_text\" data-final=\"\"><\/span><span class=\"cl-counter-value-part type_number\" data-final=\"2000\">0<\/span><span class=\"cl-counter-value-part type_text\" data-final=\"\"><\/span><\/div><\/div>\u00a0obras desde sua funda\u00e7\u00e3o.<\/span><\/h2>\n<p>\u00a0<\/p>\n<\/div>\n<\/div><\/div><\/div><\/div><\/div><\/div><div id=\"pg-6-4\"  class=\"panel-grid panel-no-style\" ><div id=\"pgc-6-4-0\"  class=\"panel-grid-cell panel-grid-cell-empty\" ><\/div><\/div><div id=\"pg-6-5\"  class=\"panel-grid panel-has-style\" ><div class=\"siteorigin-panels-stretch panel-row-style panel-row-style-for-6-5\" data-stretch-type=\"full-stretched\" ><div id=\"pgc-6-5-0\"  class=\"panel-grid-cell\" ><div id=\"panel-6-5-0-0\" class=\"so-panel widget widget_sow-headline panel-first-child panel-last-child\" data-index=\"3\" ><div class=\"so-widget-sow-headline so-widget-sow-headline-default-890202b3a583\"><div class=\"sow-headline-container \">\n\t<h1 class='sow-headline'>Alguns de nossos servi\u00e7os<\/h1>\t\t\t\t\t<div class=\"decoration\">\n\t\t\t\t\t\t<div class=\"decoration-inside\"><\/div>\n\t\t\t\t\t<\/div>\n\t\t\t\t\t<\/div><\/div><\/div><\/div><\/div><\/div><div id=\"pg-6-6\"  class=\"panel-grid panel-no-style\" ><div id=\"pgc-6-6-0\"  class=\"panel-grid-cell\" ><div id=\"panel-6-6-0-0\" class=\"so-panel widget widget_sow-image panel-first-child panel-last-child\" data-index=\"4\" ><div class=\"so-widget-sow-image so-widget-sow-image-default-9e7b621efa2e\">\r\n\r\n<div class=\"sow-image-container\">\r\n<a href=\"https:\/\/emmig.com.br\/portal\/servicos\/escolas\/\" >\t<img src=\"https:\/\/emmig.com.br\/portal\/wp-content\/uploads\/2016\/06\/GEDC8694-272x182.jpg\" width=\"272\" height=\"182\" sizes=\"(max-width: 272px) 100vw, 272px\" title=\"Escolas\" alt=\"\" \t\tclass=\"so-widget-image\"\/>\r\n<\/a><\/div>\r\n\r\n\t<h3 class=\"widget-title\">Escolas<\/h3><\/div><\/div><\/div><div id=\"pgc-6-6-1\"  class=\"panel-grid-cell\" ><div id=\"panel-6-6-1-0\" class=\"so-panel widget widget_sow-image panel-first-child panel-last-child\" data-index=\"5\" ><div class=\"panel-widget-style panel-widget-style-for-6-6-1-0\" ><div class=\"so-widget-sow-image so-widget-sow-image-default-9e7b621efa2e\">\r\n\r\n<div class=\"sow-image-container\">\r\n<a href=\"https:\/\/emmig.com.br\/portal\/servicos\/edificios-comerciais\/\" >\t<img src=\"https:\/\/emmig.com.br\/portal\/wp-content\/uploads\/2016\/06\/Edificios-comercias-home-272x182.jpg\" width=\"272\" height=\"182\" sizes=\"(max-width: 272px) 100vw, 272px\" title=\"Edif\u00edcios Comerciais\" alt=\"\" \t\tclass=\"so-widget-image\"\/>\r\n<\/a><\/div>\r\n\r\n\t<h3 class=\"widget-title\">Edif\u00edcios Comerciais<\/h3><\/div><\/div><\/div><\/div><div id=\"pgc-6-6-2\"  class=\"panel-grid-cell\" ><div id=\"panel-6-6-2-0\" class=\"so-panel widget widget_sow-image panel-first-child panel-last-child\" data-index=\"6\" ><div class=\"so-widget-sow-image so-widget-sow-image-default-9e7b621efa2e\">\r\n\r\n<div class=\"sow-image-container\">\r\n<a href=\"https:\/\/emmig.com.br\/portal\/servicos\/shoppinghipermecacados\/\" >\t<img src=\"https:\/\/emmig.com.br\/portal\/wp-content\/uploads\/2016\/06\/Foto-shopping-home-272x182.jpg\" width=\"272\" height=\"182\" srcset=\"https:\/\/emmig.com.br\/portal\/wp-content\/uploads\/2016\/06\/Foto-shopping-home-272x182.jpg 272w, https:\/\/emmig.com.br\/portal\/wp-content\/uploads\/2016\/06\/Foto-shopping-home-300x200.jpg 300w, https:\/\/emmig.com.br\/portal\/wp-content\/uploads\/2016\/06\/Foto-shopping-home-1024x683.jpg 1024w, https:\/\/emmig.com.br\/portal\/wp-content\/uploads\/2016\/06\/Foto-shopping-home.jpg 1600w\" sizes=\"(max-width: 272px) 100vw, 272px\" title=\"Shoppings e Hipermercados\" alt=\"\" \t\tclass=\"so-widget-image\"\/>\r\n<\/a><\/div>\r\n\r\n\t<h3 class=\"widget-title\">Shoppings e Hipermercados<\/h3><\/div><\/div><\/div><\/div><div id=\"pg-6-7\"  class=\"panel-grid panel-no-style\" ><div id=\"pgc-6-7-0\"  class=\"panel-grid-cell panel-grid-cell-empty\" ><\/div><\/div><div id=\"pg-6-8\"  class=\"panel-grid panel-no-style\" ><div id=\"pgc-6-8-0\"  class=\"panel-grid-cell\" ><div id=\"panel-6-8-0-0\" class=\"so-panel widget widget_sow-editor panel-first-child panel-last-child\" data-index=\"7\" ><div class=\"so-widget-sow-editor so-widget-sow-editor-base\"><h3 class=\"widget-title\">Mapa de localiza\u00e7\u00e3o pelo Google<\/h3>\n<div class=\"siteorigin-widget-tinymce textwidget\">\n\t<p>BR- 452 KM- 140 -\u00a0CEP 38.407-049 - Uberl\u00e2ndia - MG<br \/>Este mapa \u00e9 interativo, e pode lhe fornecer rotas sugeridas pelo Google Maps<\/p>\n<p><iframe loading=\"lazy\" src=\"https:\/\/www.google.com\/maps\/d\/embed?mid=1iHwZYBzpJD1vYNMt4_ZJRVuNzaY\" width=\"100%\" height=\"480\"><\/iframe><\/p>\n<\/div>\n<\/div><\/div><\/div><\/div><\/div>","protected":false},"excerpt":{"rendered":"<p>A EMMIG foi fundada em 1967 na cidade de Uberl\u00e2ndia MG. S\u00e3o quase 50 anos de experi\u00eancia em Constru\u00e7\u00e3o de Estruturas Met\u00e1licas, a servi\u00e7o da Ind\u00fastria e Com\u00e9rcio de grande e m\u00e9dio porte. Ao longo desse per\u00edodo, vem desenvolvendo e racionalizando processos e consolidando sua Qualidade, Solidez e Credibilidade. Continue&#8230;<\/p>\n","protected":false},"author":1,"featured_media":0,"parent":0,"menu_order":0,"comment_status":"closed","ping_status":"closed","template":"","meta":[],"_links":{"self":[{"href":"https:\/\/emmig.com.br\/portal\/wp-json\/wp\/v2\/pages\/6"}],"collection":[{"href":"https:\/\/emmig.com.br\/portal\/wp-json\/wp\/v2\/pages"}],"about":[{"href":"https:\/\/emmig.com.br\/portal\/wp-json\/wp\/v2\/types\/page"}],"author":[{"embeddable":true,"href":"https:\/\/emmig.com.br\/portal\/wp-json\/wp\/v2\/users\/1"}],"replies":[{"embeddable":true,"href":"https:\/\/emmig.com.br\/portal\/wp-json\/wp\/v2\/comments?post=6"}],"version-history":[{"count":64,"href":"https:\/\/emmig.com.br\/portal\/wp-json\/wp\/v2\/pages\/6\/revisions"}],"predecessor-version":[{"id":473,"href":"https:\/\/emmig.com.br\/portal\/wp-json\/wp\/v2\/pages\/6\/revisions\/473"}],"wp:attachment":[{"href":"https:\/\/emmig.com.br\/portal\/wp-json\/wp\/v2\/media?parent=6"}],"curies":[{"name":"wp","href":"https:\/\/api.w.org\/{rel}","templated":true}]}}